Last updated on 2019-07-03 01:47:18 CEST.
Flavor | Version | Tinstall | Tcheck | Ttotal | Status | Flags |
---|---|---|---|---|---|---|
r-devel-linux-x86_64-debian-clang | 0.3-6 | 39.95 | 69.95 | 109.90 | OK | |
r-devel-linux-x86_64-debian-gcc | 0.3-6 | 27.90 | 56.20 | 84.10 | OK | |
r-devel-linux-x86_64-fedora-clang | 0.3-6 | 147.68 | NOTE | |||
r-devel-linux-x86_64-fedora-gcc | 0.3-6 | 118.54 | OK | |||
r-devel-windows-ix86+x86_64 | 0.3-6 | 64.00 | 124.00 | 188.00 | OK | |
r-patched-linux-x86_64 | 0.3-6 | 32.59 | 66.66 | 99.25 | OK | |
r-patched-solaris-x86 | 0.3-6 | 194.20 | OK | |||
r-release-linux-x86_64 | 0.3-6 | 30.67 | 68.36 | 99.03 | OK | |
r-release-windows-ix86+x86_64 | 0.3-6 | 62.00 | 130.00 | 192.00 | OK | |
r-release-osx-x86_64 | 0.3-6 | NOTE | ||||
r-oldrel-windows-ix86+x86_64 | 0.3-6 | 61.00 | 118.00 | 179.00 | OK | |
r-oldrel-osx-x86_64 | 0.3-6 | NOTE |
Version: 0.3-6
Check: installed package size
Result: NOTE
installed size is 5.7Mb
sub-directories of 1Mb or more:
libs 5.4Mb
Flavors: r-devel-linux-x86_64-fedora-clang, r-release-osx-x86_64, r-oldrel-osx-x86_64