CRAN Package Check Results for Package echo.find

Last updated on 2019-07-03 01:47:18 CEST.

Flavor Version Tinstall Tcheck Ttotal Status Flags
r-devel-linux-x86_64-debian-clang 3.0 2.69 28.27 30.96 OK
r-devel-linux-x86_64-debian-gcc 3.0 2.04 22.60 24.64 OK
r-devel-linux-x86_64-fedora-clang 3.0 37.21 OK
r-devel-linux-x86_64-fedora-gcc 3.0 35.70 OK
r-devel-windows-ix86+x86_64 3.0 6.00 44.00 50.00 OK
r-patched-linux-x86_64 3.0 2.66 27.93 30.59 OK
r-patched-solaris-x86 3.0 52.40 OK
r-release-linux-x86_64 3.0 2.73 27.97 30.70 OK
r-release-windows-ix86+x86_64 3.0 6.00 43.00 49.00 OK
r-release-osx-x86_64 3.0 OK
r-oldrel-windows-ix86+x86_64 3.0 4.00 45.00 49.00 OK
r-oldrel-osx-x86_64 3.0 ERROR

Check Details

Version: 3.0
Check: package dependencies
Result: ERROR
    Package required and available but unsuitable version: ‘boot’
    
    See section ‘The DESCRIPTION file’ in the ‘Writing R Extensions’
    manual.
Flavor: r-oldrel-osx-x86_64