CRAN Package Check Results for Package eechidna

Last updated on 2019-07-03 01:47:18 CEST.

Flavor Version Tinstall Tcheck Ttotal Status Flags
r-devel-linux-x86_64-debian-clang 1.3.0 12.04 104.59 116.63 OK
r-devel-linux-x86_64-debian-gcc 1.3.0 10.05 81.67 91.72 OK
r-devel-linux-x86_64-fedora-clang 1.3.0 137.29 OK
r-devel-linux-x86_64-fedora-gcc 1.3.0 130.09 OK
r-devel-windows-ix86+x86_64 1.3.0 25.00 132.00 157.00 OK
r-patched-linux-x86_64 1.3.0 12.28 101.23 113.51 OK
r-patched-solaris-x86 1.3.0 215.70 NOTE
r-release-linux-x86_64 1.3.0 9.89 100.83 110.72 OK
r-release-windows-ix86+x86_64 1.3.0 23.00 129.00 152.00 OK
r-release-osx-x86_64 1.3.0 OK
r-oldrel-windows-ix86+x86_64 1.3.0 15.00 118.00 133.00 OK
r-oldrel-osx-x86_64 1.3.0 OK

Check Details

Version: 1.3.0
Check: installed package size
Result: NOTE
     installed size is 5.0Mb
     sub-directories of 1Mb or more:
     data 3.9Mb
Flavor: r-patched-solaris-x86