CRAN Package Check Results for Package ei

Last updated on 2019-07-03 01:47:18 CEST.

Flavor Version Tinstall Tcheck Ttotal Status Flags
r-devel-linux-x86_64-debian-clang 1.3-3 10.88 109.24 120.12 OK
r-devel-linux-x86_64-debian-gcc 1.3-3 11.17 85.77 96.94 OK
r-devel-linux-x86_64-fedora-clang 1.3-3 135.95 OK
r-devel-linux-x86_64-fedora-gcc 1.3-3 121.55 OK
r-devel-windows-ix86+x86_64 1.3-3 22.00 119.00 141.00 OK
r-patched-linux-x86_64 1.3-3 11.81 109.15 120.96 OK
r-patched-solaris-x86 1.3-3 208.70 OK
r-release-linux-x86_64 1.3-3 12.22 107.60 119.82 OK
r-release-windows-ix86+x86_64 1.3-3 22.00 118.00 140.00 OK
r-release-osx-x86_64 1.3-3 FAIL
r-oldrel-windows-ix86+x86_64 1.3-3 15.00 122.00 137.00 OK
r-oldrel-osx-x86_64 1.3-3 OK

Check Details

Version: 1.3-3
Check: dependencies in R code
Result: FAIL
    
Flavor: r-release-osx-x86_64