Last updated on 2019-07-03 01:47:18 CEST.
Flavor | Version | Tinstall | Tcheck | Ttotal | Status | Flags |
---|---|---|---|---|---|---|
r-devel-linux-x86_64-debian-clang | 1.1.2 | 19.39 | 252.85 | 272.24 | OK | |
r-devel-linux-x86_64-debian-gcc | 1.1.2 | 15.99 | 192.19 | 208.18 | OK | |
r-devel-linux-x86_64-fedora-clang | 1.1.2 | 331.47 | NOTE | |||
r-devel-linux-x86_64-fedora-gcc | 1.1.2 | 308.66 | NOTE | |||
r-devel-windows-ix86+x86_64 | 1.1.2 | 33.00 | 284.00 | 317.00 | OK | |
r-patched-linux-x86_64 | 1.1.2 | 18.24 | 253.10 | 271.34 | OK | |
r-patched-solaris-x86 | 1.1.2 | 5.40 | ERROR | |||
r-release-linux-x86_64 | 1.1.2 | 19.18 | 252.08 | 271.26 | OK | |
r-release-windows-ix86+x86_64 | 1.1.2 | 32.00 | 272.00 | 304.00 | OK | |
r-release-osx-x86_64 | 1.1.2 | NOTE | ||||
r-oldrel-windows-ix86+x86_64 | 1.1.2 | 26.00 | 281.00 | 307.00 | OK | |
r-oldrel-osx-x86_64 | 1.1.2 | NOTE |
Version: 1.1.2
Check: dependencies in R code
Result: NOTE
Namespaces in Imports field not imported from:
‘git2r’ ‘servr’
All declared Imports should be used.
Flavors: r-devel-linux-x86_64-fedora-clang, r-devel-linux-x86_64-fedora-gcc, r-release-osx-x86_64, r-oldrel-osx-x86_64
Version: 1.1.2
Check: package dependencies
Result: ERROR
Package required but not available: ‘git2r’
See section ‘The DESCRIPTION file’ in the ‘Writing R Extensions’
manual.
Flavor: r-patched-solaris-x86