CRAN Package Check Results for Package erah

Last updated on 2019-07-03 01:47:19 CEST.

Flavor Version Tinstall Tcheck Ttotal Status Flags
r-devel-linux-x86_64-debian-clang 1.1.0 12.97 88.21 101.18 OK
r-devel-linux-x86_64-debian-gcc 1.1.0 11.57 70.96 82.53 OK
r-devel-linux-x86_64-fedora-clang 1.1.0 119.30 NOTE
r-devel-linux-x86_64-fedora-gcc 1.1.0 115.21 NOTE
r-devel-windows-ix86+x86_64 1.1.0 27.00 132.00 159.00 OK
r-patched-linux-x86_64 1.1.0 12.61 88.07 100.68 OK
r-patched-solaris-x86 1.1.0 188.10 NOTE
r-release-linux-x86_64 1.1.0 12.54 88.08 100.62 OK
r-release-windows-ix86+x86_64 1.1.0 30.00 133.00 163.00 OK
r-release-osx-x86_64 1.1.0 NOTE
r-oldrel-windows-ix86+x86_64 1.1.0 21.00 121.00 142.00 OK
r-oldrel-osx-x86_64 1.1.0 NOTE

Check Details

Version: 1.1.0
Check: package dependencies
Result: NOTE
    Package suggested but not available for checking: ‘mzR’
Flavors: r-devel-linux-x86_64-fedora-clang, r-devel-linux-x86_64-fedora-gcc, r-patched-solaris-x86, r-release-osx-x86_64, r-oldrel-osx-x86_64