CRAN Package Check Results for Package etl

Last updated on 2019-07-03 01:47:19 CEST.

Flavor Version Tinstall Tcheck Ttotal Status Flags
r-devel-linux-x86_64-debian-clang 0.3.7 5.45 68.46 73.91 NOTE
r-devel-linux-x86_64-debian-gcc 0.3.7 4.77 52.79 57.56 NOTE
r-devel-linux-x86_64-fedora-clang 0.3.7 86.47 NOTE
r-devel-linux-x86_64-fedora-gcc 0.3.7 83.77 NOTE
r-devel-windows-ix86+x86_64 0.3.7 13.00 86.00 99.00 OK
r-patched-linux-x86_64 0.3.7 5.73 65.46 71.19 NOTE
r-patched-solaris-x86 0.3.7 116.80 NOTE
r-release-linux-x86_64 0.3.7 5.28 65.64 70.92 NOTE
r-release-windows-ix86+x86_64 0.3.7 13.00 81.00 94.00 OK
r-release-osx-x86_64 0.3.7 OK
r-oldrel-windows-ix86+x86_64 0.3.7 7.00 83.00 90.00 OK
r-oldrel-osx-x86_64 0.3.7 OK

Check Details

Version: 0.3.7
Check: package dependencies
Result: NOTE
    Package suggested but not available for checking: 'MonetDBLite'
Flavors: r-devel-linux-x86_64-debian-clang, r-devel-linux-x86_64-debian-gcc, r-devel-linux-x86_64-fedora-clang, r-devel-linux-x86_64-fedora-gcc, r-patched-linux-x86_64, r-patched-solaris-x86, r-release-linux-x86_64