Last updated on 2019-07-03 01:47:19 CEST.
Flavor | Version | Tinstall | Tcheck | Ttotal | Status | Flags |
---|---|---|---|---|---|---|
r-devel-linux-x86_64-debian-clang | 2.4.4 | 20.30 | 84.64 | 104.94 | NOTE | |
r-devel-linux-x86_64-debian-gcc | 2.4.4 | 15.45 | 64.87 | 80.32 | NOTE | |
r-devel-linux-x86_64-fedora-clang | 2.4.4 | 135.98 | OK | |||
r-devel-linux-x86_64-fedora-gcc | 2.4.4 | 126.44 | OK | |||
r-devel-windows-ix86+x86_64 | 2.4.4 | 42.00 | 222.00 | 264.00 | OK | |
r-patched-linux-x86_64 | 2.4.4 | 16.12 | 80.49 | 96.61 | NOTE | |
r-patched-solaris-x86 | 2.4.4 | 179.60 | NOTE | |||
r-release-linux-x86_64 | 2.4.4 | 17.65 | 82.87 | 100.52 | NOTE | |
r-release-windows-ix86+x86_64 | 2.4.4 | 42.00 | 182.00 | 224.00 | NOTE | |
r-release-osx-x86_64 | 2.4.4 | NOTE | ||||
r-oldrel-windows-ix86+x86_64 | 2.4.4 | 38.00 | 162.00 | 200.00 | OK | |
r-oldrel-osx-x86_64 | 2.4.4 | NOTE |
Version: 2.4.4
Check: package dependencies
Result: NOTE
Package suggested but not available for checking: 'INLA'
Flavors: r-devel-linux-x86_64-debian-clang, r-devel-linux-x86_64-debian-gcc, r-patched-linux-x86_64, r-patched-solaris-x86, r-release-linux-x86_64, r-release-osx-x86_64, r-oldrel-osx-x86_64
Version: 2.4.4
Check: whether package can be installed
Result: NOTE
Found the following notes/warnings:
Non-staged installation was used
Flavor: r-release-windows-ix86+x86_64