Last updated on 2019-07-03 01:47:19 CEST.
Flavor | Version | Tinstall | Tcheck | Ttotal | Status | Flags |
---|---|---|---|---|---|---|
r-devel-linux-x86_64-debian-clang | 0.1.0 | 2.35 | 28.27 | 30.62 | OK | |
r-devel-linux-x86_64-debian-gcc | 0.1.0 | 1.99 | 23.15 | 25.14 | OK | |
r-devel-linux-x86_64-fedora-clang | 0.1.0 | 37.16 | NOTE | |||
r-devel-linux-x86_64-fedora-gcc | 0.1.0 | 36.09 | NOTE | |||
r-devel-windows-ix86+x86_64 | 0.1.0 | 6.00 | 64.00 | 70.00 | OK | |
r-patched-linux-x86_64 | 0.1.0 | 2.51 | 28.11 | 30.62 | OK | |
r-patched-solaris-x86 | 0.1.0 | 59.20 | NOTE | |||
r-release-linux-x86_64 | 0.1.0 | 2.15 | 28.24 | 30.39 | OK | |
r-release-windows-ix86+x86_64 | 0.1.0 | 5.00 | 67.00 | 72.00 | OK | |
r-release-osx-x86_64 | 0.1.0 | NOTE | ||||
r-oldrel-windows-ix86+x86_64 | 0.1.0 | 3.00 | 45.00 | 48.00 | OK | |
r-oldrel-osx-x86_64 | 0.1.0 | NOTE |
Version: 0.1.0
Check: dependencies in R code
Result: NOTE
Namespace in Imports field not imported from: ‘polynom’
All declared Imports should be used.
Flavors: r-devel-linux-x86_64-fedora-clang, r-devel-linux-x86_64-fedora-gcc, r-patched-solaris-x86, r-release-osx-x86_64, r-oldrel-osx-x86_64