CRAN Package Check Results for Package expss

Last updated on 2019-07-03 01:47:19 CEST.

Flavor Version Tinstall Tcheck Ttotal Status Flags
r-devel-linux-x86_64-debian-clang 0.8.11 14.19 164.35 178.54 WARN --no-tests
r-devel-linux-x86_64-debian-gcc 0.9.0 12.74 204.01 216.75 OK --no-tests
r-devel-linux-x86_64-fedora-clang 0.9.0 178.85 OK
r-devel-linux-x86_64-fedora-gcc 0.9.0 163.47 OK
r-devel-windows-ix86+x86_64 0.8.11 22.00 168.00 190.00 WARN
r-patched-linux-x86_64 0.8.11 14.51 171.52 186.03 WARN --no-tests
r-patched-solaris-x86 0.9.0 211.20 OK
r-release-linux-x86_64 0.9.0 15.07 184.46 199.53 OK --no-tests
r-release-windows-ix86+x86_64 0.9.0 35.00 214.00 249.00 OK
r-release-osx-x86_64 0.9.0 OK
r-oldrel-windows-ix86+x86_64 0.9.0 28.00 212.00 240.00 OK
r-oldrel-osx-x86_64 0.9.0 OK

Check Details

Version: 0.8.11
Flags: --no-tests
Check: re-building of vignette outputs
Result: WARN
    Error(s) in re-building vignettes:
     ...
    --- re-building 'labels-support.Rmd' using rmarkdown
    Quitting from lines 111-119 (labels-support.Rmd)
    Error: processing vignette 'labels-support.Rmd' failed with diagnostics:
    
    --- failed re-building 'labels-support.Rmd'
    
    --- re-building 'tables-with-labels.Rmd' using rmarkdown
    
    Use 'expss_output_viewer()' to display tables in the RStudio Viewer.
     To return to the console output, use 'expss_output_default()'.
    
    --- finished re-building 'tables-with-labels.Rmd'
    
    --- re-building 'xlsx-export.Rmd' using rmarkdown
    --- finished re-building 'xlsx-export.Rmd'
    
    SUMMARY: processing the following file failed:
     'labels-support.Rmd'
    
    Error: Vignette re-building failed.
    Execution halted
Flavor: r-devel-linux-x86_64-debian-clang

Version: 0.8.11
Check: re-building of vignette outputs
Result: WARN
    Error(s) in re-building vignettes:
    --- re-building 'labels-support.Rmd' using rmarkdown
    Warning in engine$weave(file, quiet = quiet, encoding = enc) :
     The vignette engine knitr::rmarkdown is not available, because the rmarkdown package is not installed. Please install it.
    Quitting from lines 111-119 (labels-support.Rmd)
    Error: processing vignette 'labels-support.Rmd' failed with diagnostics:
    
    --- failed re-building 'labels-support.Rmd'
    
    --- re-building 'tables-with-labels.Rmd' using rmarkdown
    Warning in engine$weave(file, quiet = quiet, encoding = enc) :
     The vignette engine knitr::rmarkdown is not available, because the rmarkdown package is not installed. Please install it.
    
    Use 'expss_output_rnotebook()' to display tables inside R Notebooks.
     To return to the console output, use 'expss_output_default()'.
    
    --- finished re-building 'tables-with-labels.Rmd'
    
    --- re-building 'xlsx-export.Rmd' using rmarkdown
    Warning in engine$weave(file, quiet = quiet, encoding = enc) :
     The vignette engine knitr::rmarkdown is not available, because the rmarkdown package is not installed. Please install it.
    --- finished re-building 'xlsx-export.Rmd'
    
    SUMMARY: processing the following file failed:
     'labels-support.Rmd'
    
    Error: Vignette re-building failed.
    Execution halted
Flavor: r-devel-windows-ix86+x86_64

Version: 0.8.11
Flags: --no-tests
Check: re-building of vignette outputs
Result: WARN
    Error(s) in re-building vignettes:
     ...
    --- re-building ‘labels-support.Rmd’ using rmarkdown
    Quitting from lines 111-119 (labels-support.Rmd)
    Error: processing vignette 'labels-support.Rmd' failed with diagnostics:
    
    --- failed re-building ‘labels-support.Rmd’
    
    --- re-building ‘tables-with-labels.Rmd’ using rmarkdown
    
    Use 'expss_output_rnotebook()' to display tables inside R Notebooks.
     To return to the console output, use 'expss_output_default()'.
    
    --- finished re-building ‘tables-with-labels.Rmd’
    
    --- re-building ‘xlsx-export.Rmd’ using rmarkdown
    --- finished re-building ‘xlsx-export.Rmd’
    
    SUMMARY: processing the following file failed:
     ‘labels-support.Rmd’
    
    Error: Vignette re-building failed.
    Execution halted
Flavor: r-patched-linux-x86_64