CRAN Package Check Results for Package far

Last updated on 2019-07-03 01:47:19 CEST.

Flavor Version Tinstall Tcheck Ttotal Status Flags
r-devel-linux-x86_64-debian-clang 0.6-5 5.43 31.08 36.51 OK
r-devel-linux-x86_64-debian-gcc 0.6-5 4.28 24.84 29.12 OK
r-devel-linux-x86_64-fedora-clang 0.6-5 42.60 NOTE
r-devel-linux-x86_64-fedora-gcc 0.6-5 41.14 NOTE
r-devel-windows-ix86+x86_64 0.6-5 9.00 77.00 86.00 OK
r-patched-linux-x86_64 0.6-5 5.44 30.96 36.40 OK
r-patched-solaris-x86 0.6-5 62.50 OK
r-release-linux-x86_64 0.6-5 5.09 31.35 36.44 OK
r-release-windows-ix86+x86_64 0.6-5 10.00 82.00 92.00 OK
r-release-osx-x86_64 0.6-5 OK
r-oldrel-windows-ix86+x86_64 0.6-5 7.00 49.00 56.00 OK
r-oldrel-osx-x86_64 0.6-5 OK

Check Details

Version: 0.6-5
Check: compiled code
Result: NOTE
    File ‘far/libs/far.so’:
     Found no calls to: ‘R_registerRoutines’, ‘R_useDynamicSymbols’
    
    It is good practice to register native routines and to disable symbol
    search.
    
    See ‘Writing portable packages’ in the ‘Writing R Extensions’ manual.
Flavors: r-devel-linux-x86_64-fedora-clang, r-devel-linux-x86_64-fedora-gcc