Last updated on 2019-07-03 01:47:19 CEST.
Flavor | Version | Tinstall | Tcheck | Ttotal | Status | Flags |
---|---|---|---|---|---|---|
r-devel-linux-x86_64-debian-clang | 1.0 | 8.60 | 75.40 | 84.00 | OK | |
r-devel-linux-x86_64-debian-gcc | 1.0 | 6.68 | 60.81 | 67.49 | OK | |
r-devel-linux-x86_64-fedora-clang | 1.0 | 100.50 | OK | |||
r-devel-linux-x86_64-fedora-gcc | 1.0 | 99.07 | OK | |||
r-devel-windows-ix86+x86_64 | 1.0 | 17.00 | 137.00 | 154.00 | OK | |
r-patched-linux-x86_64 | 1.0 | 8.80 | 74.65 | 83.45 | OK | |
r-patched-solaris-x86 | 1.0 | 158.30 | OK | |||
r-release-linux-x86_64 | 1.0 | 7.30 | 75.93 | 83.23 | OK | |
r-release-windows-ix86+x86_64 | 1.0 | 17.00 | 103.00 | 120.00 | OK | |
r-release-osx-x86_64 | 1.0 | OK | ||||
r-oldrel-windows-ix86+x86_64 | 1.0 | 12.00 | 90.00 | 102.00 | OK | |
r-oldrel-osx-x86_64 | 1.0 | WARN |
Version: 1.0
Check: examples
Result: WARN
Found the following significant warnings:
Warning: 'rBind' is deprecated.
Warning: 'cBind' is deprecated.
Deprecated functions may be defunct as soon as of the next release of
R.
See ?Deprecated.
Flavor: r-oldrel-osx-x86_64