CRAN Package Check Results for Package featurefinder

Last updated on 2019-07-03 01:47:20 CEST.

Flavor Version Tinstall Tcheck Ttotal Status Flags
r-devel-linux-x86_64-debian-clang 1.1 2.35 60.80 63.15 NOTE
r-devel-linux-x86_64-debian-gcc 1.1 2.04 45.55 47.59 NOTE
r-devel-linux-x86_64-fedora-clang 1.1 77.40 NOTE
r-devel-linux-x86_64-fedora-gcc 1.1 72.34 NOTE
r-devel-windows-ix86+x86_64 1.1 5.00 80.00 85.00 OK
r-patched-linux-x86_64 1.1 2.48 57.44 59.92 OK
r-patched-solaris-x86 1.1 137.90 OK
r-release-linux-x86_64 1.1 2.63 58.72 61.35 OK
r-release-windows-ix86+x86_64 1.1 6.00 90.00 96.00 OK
r-release-osx-x86_64 1.1 OK
r-oldrel-windows-ix86+x86_64 1.1 4.00 83.00 87.00 OK
r-oldrel-osx-x86_64 1.1 OK

Check Details

Version: 1.1
Check: for non-standard things in the check directory
Result: NOTE
    Found the following files/directories:
     'treesAll.txt'
Flavors: r-devel-linux-x86_64-debian-clang, r-devel-linux-x86_64-debian-gcc, r-devel-linux-x86_64-fedora-clang, r-devel-linux-x86_64-fedora-gcc