CRAN Package Check Results for Package finalfit

Last updated on 2019-07-03 01:47:20 CEST.

Flavor Version Tinstall Tcheck Ttotal Status Flags
r-devel-linux-x86_64-debian-clang 0.9.3 14.78 247.18 261.96 OK
r-devel-linux-x86_64-debian-gcc 0.9.3 11.86 189.81 201.67 OK
r-devel-linux-x86_64-fedora-clang 0.9.3 321.31 NOTE
r-devel-linux-x86_64-fedora-gcc 0.9.3 298.13 NOTE
r-devel-windows-ix86+x86_64 0.9.3 35.00 297.00 332.00 OK
r-patched-linux-x86_64 0.9.3 12.69 243.93 256.62 OK
r-patched-solaris-x86 0.9.3 441.60 NOTE
r-release-linux-x86_64 0.9.3 13.48 243.05 256.53 OK
r-release-windows-ix86+x86_64 0.9.3 33.00 284.00 317.00 OK
r-release-osx-x86_64 0.9.3 NOTE
r-oldrel-windows-ix86+x86_64 0.9.3 21.00 254.00 275.00 OK
r-oldrel-osx-x86_64 0.9.3 NOTE

Check Details

Version: 0.9.3
Check: dependencies in R code
Result: NOTE
    Namespace in Imports field not imported from: ‘readr’
     All declared Imports should be used.
Flavors: r-devel-linux-x86_64-fedora-clang, r-devel-linux-x86_64-fedora-gcc, r-patched-solaris-x86, r-release-osx-x86_64, r-oldrel-osx-x86_64