Last updated on 2019-07-03 01:47:20 CEST.
Flavor | Version | Tinstall | Tcheck | Ttotal | Status | Flags |
---|---|---|---|---|---|---|
r-devel-linux-x86_64-debian-clang | 1.1 | 29.87 | 113.97 | 143.84 | OK | |
r-devel-linux-x86_64-debian-gcc | 1.1 | 26.14 | 90.68 | 116.82 | OK | |
r-devel-linux-x86_64-fedora-clang | 1.1 | 184.13 | NOTE | |||
r-devel-linux-x86_64-fedora-gcc | 1.1 | 175.71 | NOTE | |||
r-devel-windows-ix86+x86_64 | 1.1 | 74.00 | 195.00 | 269.00 | OK | |
r-patched-linux-x86_64 | 1.1 | 31.22 | 111.37 | 142.59 | OK | |
r-patched-solaris-x86 | 1.1 | 294.10 | NOTE | |||
r-release-linux-x86_64 | 1.1 | 31.91 | 111.70 | 143.61 | OK | |
r-release-windows-ix86+x86_64 | 1.1 | 73.00 | 223.00 | 296.00 | OK | |
r-release-osx-x86_64 | 1.1 | WARN | ||||
r-oldrel-windows-ix86+x86_64 | 1.1 | 65.00 | 216.00 | 281.00 | OK | |
r-oldrel-osx-x86_64 | 1.1 | WARN |
Version: 1.1
Check: dependencies in R code
Result: NOTE
Namespace in Imports field not imported from: ‘RcppProgress’
All declared Imports should be used.
Flavors: r-devel-linux-x86_64-fedora-clang, r-devel-linux-x86_64-fedora-gcc, r-patched-solaris-x86, r-release-osx-x86_64, r-oldrel-osx-x86_64
Version: 1.1
Check: whether package can be installed
Result: WARN
Found the following significant warnings:
Warning: 'rgl_init' failed, running with rgl.useNULL = TRUE
Flavors: r-release-osx-x86_64, r-oldrel-osx-x86_64