CRAN Package Check Results for Package fitODBOD

Last updated on 2019-07-03 01:47:20 CEST.

Flavor Version Tinstall Tcheck Ttotal Status Flags
r-devel-linux-x86_64-debian-clang 1.4.0 8.21 89.38 97.59 OK
r-devel-linux-x86_64-debian-gcc 1.4.0 7.39 67.79 75.18 OK
r-devel-linux-x86_64-fedora-clang 1.4.1 163.80 OK
r-devel-linux-x86_64-fedora-gcc 1.4.1 158.23 OK
r-devel-windows-ix86+x86_64 1.4.0 12.00 118.00 130.00 OK
r-patched-linux-x86_64 1.4.0 8.38 89.16 97.54 OK
r-patched-solaris-x86 1.4.0 141.80 NOTE
r-release-linux-x86_64 1.4.0 9.19 90.56 99.75 OK
r-release-windows-ix86+x86_64 1.4.0 12.00 111.00 123.00 OK
r-release-osx-x86_64 1.4.0 OK
r-oldrel-windows-ix86+x86_64 1.4.0 12.00 95.00 107.00 OK
r-oldrel-osx-x86_64 1.4.0 OK

Check Details

Version: 1.4.0
Check: package dependencies
Result: NOTE
    Package suggested but not available for checking: ‘devtools’
Flavor: r-patched-solaris-x86