CRAN Package Check Results for Package fitbitScraper

Last updated on 2019-07-03 01:47:20 CEST.

Flavor Version Tinstall Tcheck Ttotal Status Flags
r-devel-linux-x86_64-debian-clang 0.1.8 1.85 18.96 20.81 OK --no-vignettes
r-devel-linux-x86_64-debian-gcc 0.1.8 1.51 15.55 17.06 OK --no-vignettes
r-devel-linux-x86_64-fedora-clang 0.1.8 25.98 OK --no-vignettes
r-devel-linux-x86_64-fedora-gcc 0.1.8 24.93 OK --no-vignettes
r-devel-windows-ix86+x86_64 0.1.8 5.00 41.00 46.00 OK --no-vignettes
r-patched-linux-x86_64 0.1.8 1.98 18.97 20.95 OK --no-vignettes
r-patched-solaris-x86 0.1.8 41.70 OK --no-vignettes
r-release-linux-x86_64 0.1.8 1.74 19.05 20.79 OK --no-vignettes
r-release-windows-ix86+x86_64 0.1.8 5.00 43.00 48.00 OK --no-vignettes
r-release-osx-x86_64 0.1.8 WARN
r-oldrel-windows-ix86+x86_64 0.1.8 3.00 31.00 34.00 OK --no-vignettes
r-oldrel-osx-x86_64 0.1.8 WARN

Check Details

Version: 0.1.8
Check: re-building of vignette outputs
Result: WARN
    Error(s) in re-building vignettes:
     ...
    --- re-building ‘fitbitScraper-examples.Rmd’ using rmarkdown
    Warning in engine$weave(file, quiet = quiet, encoding = enc) :
     Pandoc (>= 1.12.3) and/or pandoc-citeproc not available. Falling back to R Markdown v1.
    Quitting from lines 22-24 (fitbitScraper-examples.Rmd)
    Error: processing vignette 'fitbitScraper-examples.Rmd' failed with diagnostics:
    login failed
    --- failed re-building ‘fitbitScraper-examples.Rmd’
    
    SUMMARY: processing the following file failed:
     ‘fitbitScraper-examples.Rmd’
    
    Error: Vignette re-building failed.
    Execution halted
Flavor: r-release-osx-x86_64

Version: 0.1.8
Check: re-building of vignette outputs
Result: WARN
    Error in re-building vignettes:
     ...
    Warning in engine$weave(file, quiet = quiet, encoding = enc) :
     Pandoc (>= 1.12.3) and/or pandoc-citeproc not available. Falling back to R Markdown v1.
    Quitting from lines 22-24 (fitbitScraper-examples.Rmd)
    Error: processing vignette 'fitbitScraper-examples.Rmd' failed with diagnostics:
    login failed
    Execution halted
Flavor: r-oldrel-osx-x86_64