Last updated on 2019-07-03 01:47:20 CEST.
Flavor | Version | Tinstall | Tcheck | Ttotal | Status | Flags |
---|---|---|---|---|---|---|
r-devel-linux-x86_64-debian-clang | 0.1.0 | 6.13 | 57.77 | 63.90 | NOTE | |
r-devel-linux-x86_64-debian-gcc | 0.1.0 | 4.79 | 45.34 | 50.13 | NOTE | |
r-devel-linux-x86_64-fedora-clang | 0.1.0 | 72.72 | NOTE | |||
r-devel-linux-x86_64-fedora-gcc | 0.1.0 | 74.72 | NOTE | |||
r-devel-windows-ix86+x86_64 | 0.1.0 | 14.00 | 65.00 | 79.00 | OK | |
r-patched-linux-x86_64 | 0.1.0 | 5.67 | 56.22 | 61.89 | NOTE | |
r-patched-solaris-x86 | 0.1.0 | 108.40 | NOTE | |||
r-release-linux-x86_64 | 0.1.0 | 5.77 | 56.74 | 62.51 | NOTE | |
r-release-windows-ix86+x86_64 | 0.1.0 | 12.00 | 62.00 | 74.00 | OK | |
r-release-osx-x86_64 | 0.1.0 | NOTE | ||||
r-oldrel-windows-ix86+x86_64 | 0.1.0 | 7.00 | 61.00 | 68.00 | OK | |
r-oldrel-osx-x86_64 | 0.1.0 | NOTE |
Version: 0.1.0
Check: package dependencies
Result: NOTE
Package suggested but not available for checking: 'ExtDist'
Flavors: r-devel-linux-x86_64-debian-clang, r-devel-linux-x86_64-debian-gcc, r-devel-linux-x86_64-fedora-clang, r-devel-linux-x86_64-fedora-gcc, r-patched-linux-x86_64, r-patched-solaris-x86, r-release-linux-x86_64, r-release-osx-x86_64, r-oldrel-osx-x86_64