CRAN Package Check Results for Package flippant

Last updated on 2019-07-03 01:47:20 CEST.

Flavor Version Tinstall Tcheck Ttotal Status Flags
r-devel-linux-x86_64-debian-clang 1.1.0 3.83 37.19 41.02 OK
r-devel-linux-x86_64-debian-gcc 1.1.0 3.38 29.17 32.55 OK
r-devel-linux-x86_64-fedora-clang 1.1.0 50.47 OK
r-devel-linux-x86_64-fedora-gcc 1.1.0 47.22 OK
r-devel-windows-ix86+x86_64 1.1.0 11.00 57.00 68.00 OK
r-patched-linux-x86_64 1.1.0 3.50 35.92 39.42 OK
r-patched-solaris-x86 1.1.0 74.00 NOTE
r-release-linux-x86_64 1.1.0 3.96 36.33 40.29 OK
r-release-windows-ix86+x86_64 1.1.0 10.00 57.00 67.00 OK
r-release-osx-x86_64 1.1.0 OK
r-oldrel-windows-ix86+x86_64 1.1.0 8.00 50.00 58.00 OK
r-oldrel-osx-x86_64 1.1.0 NOTE

Check Details

Version: 1.1.0
Check: package dependencies
Result: NOTE
    Package suggested but not available for checking: ‘multipanelfigure’
Flavors: r-patched-solaris-x86, r-oldrel-osx-x86_64