CRAN Package Check Results for Package fractional

Last updated on 2019-07-03 01:47:20 CEST.

Flavor Version Tinstall Tcheck Ttotal Status Flags
r-devel-linux-x86_64-debian-clang 0.1.3 14.69 31.03 45.72 OK
r-devel-linux-x86_64-debian-gcc 0.1.3 11.20 25.35 36.55 OK
r-devel-linux-x86_64-fedora-clang 0.1.3 62.40 NOTE
r-devel-linux-x86_64-fedora-gcc 0.1.3 56.32 NOTE
r-devel-windows-ix86+x86_64 0.1.3 47.00 68.00 115.00 OK
r-patched-linux-x86_64 0.1.3 12.78 31.04 43.82 OK
r-patched-solaris-x86 0.1.3 76.00 OK
r-release-linux-x86_64 0.1.3 12.82 30.96 43.78 OK
r-release-windows-ix86+x86_64 0.1.3 31.00 74.00 105.00 OK
r-release-osx-x86_64 0.1.3 OK
r-oldrel-windows-ix86+x86_64 0.1.3 29.00 62.00 91.00 OK
r-oldrel-osx-x86_64 0.1.3 OK

Check Details

Version: 0.1.3
Check: compiled code
Result: NOTE
    File ‘fractional/libs/fractional.so’:
     Found no calls to: ‘R_registerRoutines’, ‘R_useDynamicSymbols’
    
    It is good practice to register native routines and to disable symbol
    search.
    
    See ‘Writing portable packages’ in the ‘Writing R Extensions’ manual.
Flavors: r-devel-linux-x86_64-fedora-clang, r-devel-linux-x86_64-fedora-gcc