Last updated on 2019-07-03 01:47:20 CEST.
Flavor | Version | Tinstall | Tcheck | Ttotal | Status | Flags |
---|---|---|---|---|---|---|
r-devel-linux-x86_64-debian-clang | 1.0.0 | 2.68 | 35.39 | 38.07 | OK | |
r-devel-linux-x86_64-debian-gcc | 1.0.0 | 2.26 | 28.75 | 31.01 | OK | |
r-devel-linux-x86_64-fedora-clang | 1.0.0 | 46.60 | NOTE | |||
r-devel-linux-x86_64-fedora-gcc | 1.0.0 | 44.37 | NOTE | |||
r-devel-windows-ix86+x86_64 | 1.0.0 | 6.00 | 59.00 | 65.00 | OK | |
r-patched-linux-x86_64 | 1.0.0 | 2.01 | 35.08 | 37.09 | OK | |
r-patched-solaris-x86 | 1.0.0 | 61.40 | NOTE | |||
r-release-linux-x86_64 | 1.0.0 | 2.65 | 35.42 | 38.07 | OK | |
r-release-windows-ix86+x86_64 | 1.0.0 | 6.00 | 57.00 | 63.00 | OK | |
r-release-osx-x86_64 | 1.0.0 | NOTE | ||||
r-oldrel-windows-ix86+x86_64 | 1.0.0 | 4.00 | 56.00 | 60.00 | OK | |
r-oldrel-osx-x86_64 | 1.0.0 | NOTE |
Version: 1.0.0
Check: data for non-ASCII characters
Result: NOTE
Note: found 1 marked UTF-8 string
Flavors: r-devel-linux-x86_64-fedora-clang, r-devel-linux-x86_64-fedora-gcc, r-patched-solaris-x86, r-release-osx-x86_64, r-oldrel-osx-x86_64