Last updated on 2019-07-03 01:47:20 CEST.
Flavor | Version | Tinstall | Tcheck | Ttotal | Status | Flags |
---|---|---|---|---|---|---|
r-devel-linux-x86_64-debian-clang | 0.2.1 | 343.52 | 47.64 | 391.16 | OK | |
r-devel-linux-x86_64-debian-gcc | 0.2.1 | 226.58 | 40.64 | 267.22 | OK | |
r-devel-linux-x86_64-fedora-clang | 0.2.1 | 617.82 | NOTE | |||
r-devel-linux-x86_64-fedora-gcc | 0.2.1 | 438.14 | OK | |||
r-devel-windows-ix86+x86_64 | 0.2.1 | 585.00 | 149.00 | 734.00 | NOTE | |
r-patched-linux-x86_64 | 0.2.1 | 257.47 | 49.97 | 307.44 | OK | |
r-patched-solaris-x86 | 0.2.1 | 435.90 | OK | |||
r-release-linux-x86_64 | 0.2.1 | 258.84 | 50.21 | 309.05 | OK | |
r-release-windows-ix86+x86_64 | 0.2.1 | 570.00 | 129.00 | 699.00 | NOTE | |
r-release-osx-x86_64 | 0.2.1 | NOTE | ||||
r-oldrel-windows-ix86+x86_64 | 0.2.1 | 577.00 | 115.00 | 692.00 | NOTE | |
r-oldrel-osx-x86_64 | 0.2.1 | NOTE |
Version: 0.2.1
Check: installed package size
Result: NOTE
installed size is 40.1Mb
sub-directories of 1Mb or more:
libs 39.7Mb
Flavors: r-devel-linux-x86_64-fedora-clang, r-devel-windows-ix86+x86_64, r-release-windows-ix86+x86_64, r-release-osx-x86_64, r-oldrel-windows-ix86+x86_64, r-oldrel-osx-x86_64