CRAN Package Check Results for Package gRc

Last updated on 2019-07-03 01:47:22 CEST.

Flavor Version Tinstall Tcheck Ttotal Status Flags
r-devel-linux-x86_64-debian-clang 0.4-3.2 10.64 77.77 88.41 OK
r-devel-linux-x86_64-debian-gcc 0.4-3.2 10.89 63.44 74.33 OK
r-devel-linux-x86_64-fedora-clang 0.4-3.2 107.86 OK
r-devel-linux-x86_64-fedora-gcc 0.4-3.2 101.79 OK
r-devel-windows-ix86+x86_64 0.4-3.2 30.00 154.00 184.00 OK
r-patched-linux-x86_64 0.4-3.2 12.19 77.00 89.19 OK
r-patched-solaris-x86 0.4-3.2 184.90 OK
r-release-linux-x86_64 0.4-3.2 13.40 77.16 90.56 OK
r-release-windows-ix86+x86_64 0.4-3.2 28.00 124.00 152.00 OK
r-release-osx-x86_64 0.4-3.2 ERROR
r-oldrel-windows-ix86+x86_64 0.4-3.2 19.00 111.00 130.00 OK
r-oldrel-osx-x86_64 0.4-3.2 OK

Additional issues

valgrind

Check Details

Version: 0.4-3.2
Check: package dependencies
Result: ERROR
    Package required but not available: ‘gRbase’
    
    Packages suggested but not available for checking: 'Rgraphviz', 'RBGL'
    
    See section ‘The DESCRIPTION file’ in the ‘Writing R Extensions’
    manual.
Flavor: r-release-osx-x86_64