Last updated on 2019-07-03 01:47:21 CEST.
Flavor | Version | Tinstall | Tcheck | Ttotal | Status | Flags |
---|---|---|---|---|---|---|
r-devel-linux-x86_64-debian-clang | 0.8-2 | 7.43 | 95.80 | 103.23 | NOTE | |
r-devel-linux-x86_64-debian-gcc | 0.8-2 | 6.17 | 73.31 | 79.48 | NOTE | |
r-devel-linux-x86_64-fedora-clang | 0.8-2 | 117.45 | NOTE | |||
r-devel-linux-x86_64-fedora-gcc | 0.8-2 | 114.05 | NOTE | |||
r-devel-windows-ix86+x86_64 | 0.8-2 | 16.00 | 222.00 | 238.00 | OK | |
r-patched-linux-x86_64 | 0.8-2 | 7.42 | 94.66 | 102.08 | OK | |
r-patched-solaris-x86 | 0.8-2 | 166.00 | OK | |||
r-release-linux-x86_64 | 0.8-2 | 7.57 | 94.65 | 102.22 | OK | |
r-release-windows-ix86+x86_64 | 0.8-2 | 17.00 | 171.00 | 188.00 | OK | |
r-release-osx-x86_64 | 0.8-2 | OK | ||||
r-oldrel-windows-ix86+x86_64 | 0.8-2 | 13.00 | 161.00 | 174.00 | OK | |
r-oldrel-osx-x86_64 | 0.8-2 | OK |
Version: 0.8-2
Check: for non-standard things in the check directory
Result: NOTE
Found the following files/directories:
'smoking-effects.csv'
Flavors: r-devel-linux-x86_64-debian-clang, r-devel-linux-x86_64-debian-gcc, r-devel-linux-x86_64-fedora-clang, r-devel-linux-x86_64-fedora-gcc
Version: 0.8-2
Check: compiled code
Result: NOTE
File ‘gemtc/libs/gemtc.so’:
Found no calls to: ‘R_registerRoutines’, ‘R_useDynamicSymbols’
It is good practice to register native routines and to disable symbol
search.
See ‘Writing portable packages’ in the ‘Writing R Extensions’ manual.
Flavors: r-devel-linux-x86_64-fedora-clang, r-devel-linux-x86_64-fedora-gcc