Last updated on 2019-07-03 01:47:21 CEST.
Flavor | Version | Tinstall | Tcheck | Ttotal | Status | Flags |
---|---|---|---|---|---|---|
r-devel-linux-x86_64-debian-clang | 0.1.3 | 7.28 | 89.55 | 96.83 | OK | |
r-devel-linux-x86_64-debian-gcc | 0.1.3 | 6.02 | 73.27 | 79.29 | OK | |
r-devel-linux-x86_64-fedora-clang | 0.1.3 | 111.58 | OK | |||
r-devel-linux-x86_64-fedora-gcc | 0.1.3 | 108.45 | OK | |||
r-devel-windows-ix86+x86_64 | 0.1.3 | 15.00 | 110.00 | 125.00 | OK | |
r-patched-linux-x86_64 | 0.1.3 | 6.39 | 88.52 | 94.91 | OK | |
r-patched-solaris-x86 | 0.1.3 | 134.20 | WARN | |||
r-release-linux-x86_64 | 0.1.3 | 7.03 | 88.78 | 95.81 | OK | |
r-release-windows-ix86+x86_64 | 0.1.3 | 16.00 | 114.00 | 130.00 | OK | |
r-release-osx-x86_64 | 0.1.3 | WARN | ||||
r-oldrel-windows-ix86+x86_64 | 0.1.3 | 10.00 | 99.00 | 109.00 | OK | |
r-oldrel-osx-x86_64 | 0.1.3 | WARN |
Version: 0.1.3
Check: re-building of vignette outputs
Result: WARN
Error(s) in re-building vignettes:
...
--- re-building ‘Introduction.Rmd’ using rmarkdown_notangle
Warning in engine$weave(file, quiet = quiet, encoding = enc) :
Pandoc (>= 1.12.3) and/or pandoc-citeproc not available. Falling back to R Markdown v1.
Quitting from lines 53-60 (Introduction.Rmd)
Error: processing vignette 'Introduction.Rmd' failed with diagnostics:
EXPR must be a length 1 vector
--- failed re-building ‘Introduction.Rmd’
SUMMARY: processing the following file failed:
‘Introduction.Rmd’
Error: Vignette re-building failed.
Execution halted
Flavors: r-patched-solaris-x86, r-release-osx-x86_64
Version: 0.1.3
Check: re-building of vignette outputs
Result: WARN
Error in re-building vignettes:
...
Warning in engine$weave(file, quiet = quiet, encoding = enc) :
Pandoc (>= 1.12.3) and/or pandoc-citeproc not available. Falling back to R Markdown v1.
Quitting from lines 53-60 (Introduction.Rmd)
Error: processing vignette 'Introduction.Rmd' failed with diagnostics:
EXPR must be a length 1 vector
Execution halted
Flavor: r-oldrel-osx-x86_64