Last updated on 2019-07-03 01:47:22 CEST.
Flavor | Version | Tinstall | Tcheck | Ttotal | Status | Flags |
---|---|---|---|---|---|---|
r-devel-linux-x86_64-debian-clang | 0.5.0 | 16.98 | 179.87 | 196.85 | OK | |
r-devel-linux-x86_64-debian-gcc | 0.5.0 | 14.84 | 140.40 | 155.24 | OK | |
r-devel-linux-x86_64-fedora-clang | 0.5.0 | 238.07 | NOTE | |||
r-devel-linux-x86_64-fedora-gcc | 0.5.0 | 231.34 | NOTE | |||
r-devel-windows-ix86+x86_64 | 0.5.0 | 40.00 | 226.00 | 266.00 | OK | |
r-patched-linux-x86_64 | 0.5.0 | 15.54 | 175.93 | 191.47 | OK | |
r-patched-solaris-x86 | 0.5.0 | 252.60 | NOTE | |||
r-release-linux-x86_64 | 0.5.0 | 18.12 | 176.18 | 194.30 | OK | |
r-release-windows-ix86+x86_64 | 0.5.0 | 41.00 | 238.00 | 279.00 | OK | |
r-release-osx-x86_64 | 0.5.0 | NOTE | ||||
r-oldrel-windows-ix86+x86_64 | 0.5.0 | 34.00 | 227.00 | 261.00 | OK | |
r-oldrel-osx-x86_64 | 0.5.0 | NOTE |
Version: 0.5.0
Check: data for non-ASCII characters
Result: NOTE
Note: found 203 marked UTF-8 strings
Flavors: r-devel-linux-x86_64-fedora-clang, r-devel-linux-x86_64-fedora-gcc, r-patched-solaris-x86, r-release-osx-x86_64, r-oldrel-osx-x86_64