Last updated on 2019-07-03 01:47:22 CEST.
Flavor | Version | Tinstall | Tcheck | Ttotal | Status | Flags |
---|---|---|---|---|---|---|
r-devel-linux-x86_64-debian-clang | 0.2.2 | 32.90 | 90.17 | 123.07 | NOTE | |
r-devel-linux-x86_64-debian-gcc | 0.2.2 | 27.74 | 70.79 | 98.53 | NOTE | |
r-devel-linux-x86_64-fedora-clang | 0.2.2 | 157.82 | NOTE | |||
r-devel-linux-x86_64-fedora-gcc | 0.2.2 | 150.14 | NOTE | |||
r-devel-windows-ix86+x86_64 | 0.2.2 | 90.00 | 154.00 | 244.00 | OK | |
r-patched-linux-x86_64 | 0.2.2 | 31.56 | 88.34 | 119.90 | NOTE | |
r-patched-solaris-x86 | 0.2.2 | 226.10 | OK | |||
r-release-linux-x86_64 | 0.2.2 | 35.27 | 88.77 | 124.04 | NOTE | |
r-release-windows-ix86+x86_64 | 0.2.2 | 89.00 | 172.00 | 261.00 | OK | |
r-release-osx-x86_64 | 0.2.2 | OK | ||||
r-oldrel-windows-ix86+x86_64 | 0.2.2 | 71.00 | 147.00 | 218.00 | OK | |
r-oldrel-osx-x86_64 | 0.2.2 | OK |
Version: 0.2.2
Check: use of SHLIB_OPENMP_*FLAGS in Makefiles
Result: NOTE
src/Makevars: SHLIB_OPENMP_CXXFLAGS is included in PKG_CXXFLAGS but not in PKG_LIBS
src/Makevars: SHLIB_OPENMP_CFLAGS is included in PKG_LIBS but linking is by C++
src/Makevars.win: SHLIB_OPENMP_CXXFLAGS is included in PKG_CXXFLAGS but not in PKG_LIBS
src/Makevars.win: SHLIB_OPENMP_CFLAGS is included in PKG_LIBS but linking is by C++
Use of these macros is discussed in sect 1.2.1.1 of 'Writing R
Extensions'. The macros for different languages may differ so the
matching macro must be used in PKG_CXXFLAGS (etc) and match that used
in PKG_LIBS (except for Fortran: see the manual).
Flavors: r-devel-linux-x86_64-debian-clang, r-devel-linux-x86_64-debian-gcc, r-devel-linux-x86_64-fedora-clang, r-devel-linux-x86_64-fedora-gcc, r-patched-linux-x86_64, r-release-linux-x86_64