CRAN Package Check Results for Package graphscan

Last updated on 2019-07-03 01:47:22 CEST.

Flavor Version Tinstall Tcheck Ttotal Status Flags
r-devel-linux-x86_64-debian-clang 1.1.1 8.57 47.80 56.37 OK
r-devel-linux-x86_64-debian-gcc 1.1.1 7.60 39.10 46.70 OK
r-devel-linux-x86_64-fedora-clang 1.1.1 69.09 NOTE
r-devel-linux-x86_64-fedora-gcc 1.1.1 66.23 NOTE
r-devel-windows-ix86+x86_64 1.1.1 28.00 115.00 143.00 OK
r-patched-linux-x86_64 1.1.1 8.68 47.54 56.22 OK
r-patched-solaris-x86 1.1.1 113.10 OK
r-release-linux-x86_64 1.1.1 8.90 47.87 56.77 OK
r-release-windows-ix86+x86_64 1.1.1 25.00 83.00 108.00 OK
r-release-osx-x86_64 1.1.1 WARN
r-oldrel-windows-ix86+x86_64 1.1.1 21.00 77.00 98.00 OK
r-oldrel-osx-x86_64 1.1.1 OK

Check Details

Version: 1.1.1
Check: compiled code
Result: NOTE
    File ‘graphscan/libs/graphscan.so’:
     Found no calls to: ‘R_registerRoutines’, ‘R_useDynamicSymbols’
    
    It is good practice to register native routines and to disable symbol
    search.
    
    See ‘Writing portable packages’ in the ‘Writing R Extensions’ manual.
Flavors: r-devel-linux-x86_64-fedora-clang, r-devel-linux-x86_64-fedora-gcc

Version: 1.1.1
Check: whether package can be installed
Result: WARN
    Found the following significant warnings:
     Warning: 'rgl_init' failed, running with rgl.useNULL = TRUE
Flavor: r-release-osx-x86_64