Last updated on 2019-07-03 01:47:23 CEST.
Flavor | Version | Tinstall | Tcheck | Ttotal | Status | Flags |
---|---|---|---|---|---|---|
r-devel-linux-x86_64-debian-clang | 0.1.0 | 4.66 | 40.40 | 45.06 | OK | |
r-devel-linux-x86_64-debian-gcc | 0.1.0 | 3.64 | 31.14 | 34.78 | OK | |
r-devel-linux-x86_64-fedora-clang | 0.1.0 | 53.49 | NOTE | |||
r-devel-linux-x86_64-fedora-gcc | 0.1.0 | 49.34 | NOTE | |||
r-devel-windows-ix86+x86_64 | 0.1.0 | 17.00 | 71.00 | 88.00 | OK | |
r-patched-linux-x86_64 | 0.1.0 | 4.02 | 38.69 | 42.71 | OK | |
r-patched-solaris-x86 | 0.1.0 | 80.00 | NOTE | |||
r-release-linux-x86_64 | 0.1.0 | 3.98 | 39.03 | 43.01 | OK | |
r-release-windows-ix86+x86_64 | 0.1.0 | 19.00 | 94.00 | 113.00 | OK | |
r-release-osx-x86_64 | 0.1.0 | NOTE | ||||
r-oldrel-windows-ix86+x86_64 | 0.1.0 | 7.00 | 58.00 | 65.00 | OK | |
r-oldrel-osx-x86_64 | 0.1.0 | NOTE |
Version: 0.1.0
Check: dependencies in R code
Result: NOTE
Namespace in Imports field not imported from: ‘dplyr’
All declared Imports should be used.
Flavors: r-devel-linux-x86_64-fedora-clang, r-devel-linux-x86_64-fedora-gcc, r-patched-solaris-x86, r-release-osx-x86_64, r-oldrel-osx-x86_64