CRAN Package Check Results for Package gtools

Last updated on 2019-07-03 01:47:23 CEST.

Flavor Version Tinstall Tcheck Ttotal Status Flags
r-devel-linux-x86_64-debian-clang 3.8.1 3.85 104.59 108.44 NOTE
r-devel-linux-x86_64-debian-gcc 3.8.1 2.63 77.35 79.98 NOTE
r-devel-linux-x86_64-fedora-clang 3.8.1 125.56 NOTE
r-devel-linux-x86_64-fedora-gcc 3.8.1 112.68 NOTE
r-devel-windows-ix86+x86_64 3.8.1 17.00 70.00 87.00 NOTE
r-patched-linux-x86_64 3.8.1 3.83 101.20 105.03 NOTE
r-patched-solaris-x86 3.8.1 82.80 NOTE
r-release-linux-x86_64 3.8.1 3.93 102.24 106.17 NOTE
r-release-windows-ix86+x86_64 3.8.1 11.00 96.00 107.00 NOTE
r-release-osx-x86_64 3.8.1 NOTE
r-oldrel-windows-ix86+x86_64 3.8.1 12.00 64.00 76.00 NOTE
r-oldrel-osx-x86_64 3.8.1 NOTE

Check Details

Version: 3.8.1
Check: R code for possible problems
Result: NOTE
    Found the following possibly unsafe calls:
    File 'gtools/R/unByteCode.R':
     unlockBinding(name, env = env)
Flavors: r-devel-linux-x86_64-debian-clang, r-devel-linux-x86_64-debian-gcc, r-devel-linux-x86_64-fedora-clang, r-devel-linux-x86_64-fedora-gcc, r-devel-windows-ix86+x86_64, r-patched-linux-x86_64, r-patched-solaris-x86, r-release-linux-x86_64, r-release-windows-ix86+x86_64, r-release-osx-x86_64, r-oldrel-windows-ix86+x86_64, r-oldrel-osx-x86_64