Last updated on 2019-07-03 01:47:23 CEST.
Flavor | Version | Tinstall | Tcheck | Ttotal | Status | Flags |
---|---|---|---|---|---|---|
r-devel-linux-x86_64-debian-clang | 0.4.7.2 | 57.75 | 23.80 | 81.55 | OK | |
r-devel-linux-x86_64-debian-gcc | 0.4.7.2 | 46.46 | 19.55 | 66.01 | OK | |
r-devel-linux-x86_64-fedora-clang | 0.4.7.2 | 145.63 | NOTE | |||
r-devel-linux-x86_64-fedora-gcc | 0.4.7.2 | 107.28 | OK | |||
r-devel-windows-ix86+x86_64 | 0.4.7.2 | 146.00 | 56.00 | 202.00 | OK | |
r-patched-linux-x86_64 | 0.4.7.2 | 56.29 | 24.15 | 80.44 | OK | |
r-patched-solaris-x86 | 0.4.7.2 | 173.30 | OK | |||
r-release-linux-x86_64 | 0.4.7.2 | 55.96 | 24.72 | 80.68 | OK | |
r-release-windows-ix86+x86_64 | 0.4.7.2 | 108.00 | 73.00 | 181.00 | OK | |
r-release-osx-x86_64 | 0.4.7.2 | NOTE | ||||
r-oldrel-windows-ix86+x86_64 | 0.4.7.2 | 103.00 | 52.00 | 155.00 | OK | |
r-oldrel-osx-x86_64 | 0.4.7.2 | NOTE |
Version: 0.4.7.2
Check: installed package size
Result: NOTE
installed size is 8.7Mb
sub-directories of 1Mb or more:
highlight 1.1Mb
libs 7.4Mb
Flavors: r-devel-linux-x86_64-fedora-clang, r-release-osx-x86_64, r-oldrel-osx-x86_64