CRAN Package Check Results for Package htmltidy

Last updated on 2019-07-03 01:47:23 CEST.

Flavor Version Tinstall Tcheck Ttotal Status Flags
r-devel-linux-x86_64-debian-clang 0.4.0 41.56 30.36 71.92 WARN
r-devel-linux-x86_64-debian-gcc 0.4.0 31.18 25.01 56.19 OK
r-devel-linux-x86_64-fedora-clang 0.4.0 105.31 WARN
r-devel-linux-x86_64-fedora-gcc 0.4.0 93.10 OK
r-devel-windows-ix86+x86_64 0.4.0 115.00 96.00 211.00 OK
r-patched-linux-x86_64 0.4.0 36.81 30.65 67.46 OK
r-patched-solaris-x86 0.4.0 125.70 OK
r-release-linux-x86_64 0.4.0 36.40 30.47 66.87 OK
r-release-windows-ix86+x86_64 0.4.0 107.00 82.00 189.00 OK
r-release-osx-x86_64 0.4.0 OK
r-oldrel-windows-ix86+x86_64 0.4.0 102.00 74.00 176.00 OK
r-oldrel-osx-x86_64 0.4.0 OK

Check Details

Version: 0.4.0
Check: whether package can be installed
Result: WARN
    Found the following significant warnings:
     language.c:41:5: warning: flexible array initialization is a GNU extension [-Wgnu-flexible-array-initializer]
Flavors: r-devel-linux-x86_64-debian-clang, r-devel-linux-x86_64-fedora-clang