Last updated on 2019-07-03 01:47:24 CEST.
Flavor | Version | Tinstall | Tcheck | Ttotal | Status | Flags |
---|---|---|---|---|---|---|
r-devel-linux-x86_64-debian-clang | 2.0.11 | 42.22 | 148.90 | 191.12 | OK | |
r-devel-linux-x86_64-debian-gcc | 2.0.11 | 35.81 | 111.07 | 146.88 | OK | |
r-devel-linux-x86_64-fedora-clang | 2.0.11 | 259.69 | OK | |||
r-devel-linux-x86_64-fedora-gcc | 2.0.11 | 239.97 | OK | |||
r-devel-windows-ix86+x86_64 | 2.0.11 | 102.00 | 325.00 | 427.00 | OK | |
r-patched-linux-x86_64 | 2.0.11 | 44.63 | 137.34 | 181.97 | OK | |
r-patched-solaris-x86 | 2.0.11 | 343.00 | OK | |||
r-release-linux-x86_64 | 2.0.11 | 43.50 | 136.80 | 180.30 | OK | |
r-release-windows-ix86+x86_64 | 2.0.11 | 99.00 | 250.00 | 349.00 | OK | |
r-release-osx-x86_64 | 2.0.11 | WARN | ||||
r-oldrel-windows-ix86+x86_64 | 2.0.11 | 86.00 | 229.00 | 315.00 | OK | |
r-oldrel-osx-x86_64 | 2.0.11 | WARN |
Version: 2.0.11
Check: whether package can be installed
Result: WARN
Found the following significant warnings:
Warning: 'rgl_init' failed, running with rgl.useNULL = TRUE
Flavors: r-release-osx-x86_64, r-oldrel-osx-x86_64