Last updated on 2019-07-03 01:47:24 CEST.
Flavor | Version | Tinstall | Tcheck | Ttotal | Status | Flags |
---|---|---|---|---|---|---|
r-devel-linux-x86_64-debian-clang | 4.0 | 90.48 | 127.74 | 218.22 | NOTE | |
r-devel-linux-x86_64-debian-gcc | 4.0 | 91.57 | 99.92 | 191.49 | NOTE | |
r-devel-linux-x86_64-fedora-clang | 4.0 | 293.93 | NOTE | |||
r-devel-linux-x86_64-fedora-gcc | 4.0 | 282.33 | NOTE | |||
r-devel-windows-ix86+x86_64 | 4.0 | 192.00 | 255.00 | 447.00 | NOTE | |
r-patched-linux-x86_64 | 4.0 | 100.46 | 127.99 | 228.45 | NOTE | |
r-patched-solaris-x86 | 4.0 | 356.30 | NOTE | |||
r-release-linux-x86_64 | 4.0 | 94.29 | 126.69 | 220.98 | NOTE | |
r-release-windows-ix86+x86_64 | 4.0 | 193.00 | 218.00 | 411.00 | NOTE | |
r-release-osx-x86_64 | 4.0 | FAIL | ||||
r-oldrel-windows-ix86+x86_64 | 4.0 | 169.00 | 187.00 | 356.00 | NOTE | |
r-oldrel-osx-x86_64 | 4.0 | NOTE |
Version: 4.0
Check: for GNU extensions in Makefiles
Result: NOTE
GNU make is a SystemRequirements.
Flavors: r-devel-linux-x86_64-debian-clang, r-devel-linux-x86_64-debian-gcc, r-devel-linux-x86_64-fedora-clang, r-devel-linux-x86_64-fedora-gcc, r-devel-windows-ix86+x86_64, r-patched-linux-x86_64, r-patched-solaris-x86, r-release-linux-x86_64, r-release-windows-ix86+x86_64, r-release-osx-x86_64, r-oldrel-windows-ix86+x86_64, r-oldrel-osx-x86_64
Version: 4.0
Check: installed package size
Result: NOTE
installed size is 24.5Mb
sub-directories of 1Mb or more:
doc 1.0Mb
libs 23.0Mb
Flavors: r-devel-linux-x86_64-fedora-clang, r-release-osx-x86_64, r-oldrel-osx-x86_64
Version: 4.0
Check: dependencies in R code
Result: NOTE
Namespace in Imports field not imported from: ‘rstantools’
All declared Imports should be used.
Flavors: r-devel-linux-x86_64-fedora-clang, r-devel-linux-x86_64-fedora-gcc, r-patched-solaris-x86, r-release-osx-x86_64, r-oldrel-osx-x86_64
Version: 4.0
Check: re-building of vignette outputs
Result: FAIL
Flavor: r-release-osx-x86_64