Last updated on 2019-07-03 01:47:24 CEST.
Flavor | Version | Tinstall | Tcheck | Ttotal | Status | Flags |
---|---|---|---|---|---|---|
r-devel-linux-x86_64-debian-clang | 0.6.4 | 23.64 | 27.16 | 50.80 | NOTE | |
r-devel-linux-x86_64-debian-gcc | 0.6.4 | 18.78 | 22.31 | 41.09 | NOTE | |
r-devel-linux-x86_64-fedora-clang | 0.6.4 | 70.08 | NOTE | |||
r-devel-linux-x86_64-fedora-gcc | 0.6.4 | 63.96 | NOTE | |||
r-devel-windows-ix86+x86_64 | 0.6.4 | 45.00 | 80.00 | 125.00 | NOTE | |
r-patched-linux-x86_64 | 0.6.4 | 22.12 | 27.58 | 49.70 | NOTE | |
r-patched-solaris-x86 | 0.6.4 | 85.50 | NOTE | |||
r-release-linux-x86_64 | 0.6.4 | 21.28 | 27.65 | 48.93 | NOTE | |
r-release-windows-ix86+x86_64 | 0.6.4 | 45.00 | 67.00 | 112.00 | NOTE | |
r-release-osx-x86_64 | 0.6.4 | NOTE | ||||
r-oldrel-windows-ix86+x86_64 | 0.6.4 | 42.00 | 61.00 | 103.00 | NOTE | |
r-oldrel-osx-x86_64 | 0.6.4 | NOTE |
Version: 0.6.4
Check: dependencies in R code
Result: NOTE
There are ::: calls to the package's namespace in its code. A package
almost never needs to use ::: for its own objects:
'count_compare'
Flavors: r-devel-linux-x86_64-debian-clang, r-devel-linux-x86_64-debian-gcc, r-devel-windows-ix86+x86_64, r-patched-linux-x86_64, r-release-linux-x86_64, r-release-windows-ix86+x86_64, r-oldrel-windows-ix86+x86_64
Version: 0.6.4
Check: dependencies in R code
Result: NOTE
Namespace in Imports field not imported from: ‘DBI’
All declared Imports should be used.
There are ::: calls to the package's namespace in its code. A package
almost never needs to use ::: for its own objects:
‘count_compare’
Flavors: r-devel-linux-x86_64-fedora-clang, r-devel-linux-x86_64-fedora-gcc, r-patched-solaris-x86, r-release-osx-x86_64, r-oldrel-osx-x86_64
Version: 0.6.4
Check: compiled code
Result: NOTE
File ‘imputeMulti/libs/imputeMulti.so’:
Found no calls to: ‘R_registerRoutines’, ‘R_useDynamicSymbols’
It is good practice to register native routines and to disable symbol
search.
See ‘Writing portable packages’ in the ‘Writing R Extensions’ manual.
Flavors: r-devel-linux-x86_64-fedora-clang, r-devel-linux-x86_64-fedora-gcc