Last updated on 2019-07-03 01:47:24 CEST.
Flavor | Version | Tinstall | Tcheck | Ttotal | Status | Flags |
---|---|---|---|---|---|---|
r-devel-linux-x86_64-debian-clang | 1.0.1 | 20.88 | 43.42 | 64.30 | OK | |
r-devel-linux-x86_64-debian-gcc | 1.0.1 | 17.03 | 33.92 | 50.95 | OK | |
r-devel-linux-x86_64-fedora-clang | 1.0.1 | 83.85 | NOTE | |||
r-devel-linux-x86_64-fedora-gcc | 1.0.1 | 75.75 | NOTE | |||
r-devel-windows-ix86+x86_64 | 1.0.1 | 46.00 | 82.00 | 128.00 | OK | |
r-patched-linux-x86_64 | 1.0.1 | 22.88 | 41.82 | 64.70 | OK | |
r-patched-solaris-x86 | 1.0.1 | 100.60 | NOTE | |||
r-release-linux-x86_64 | 1.0.1 | 18.24 | 41.77 | 60.01 | OK | |
r-release-windows-ix86+x86_64 | 1.0.1 | 46.00 | 91.00 | 137.00 | OK | |
r-release-osx-x86_64 | 1.0.1 | NOTE | ||||
r-oldrel-windows-ix86+x86_64 | 1.0.1 | 41.00 | 80.00 | 121.00 | OK | |
r-oldrel-osx-x86_64 | 1.0.1 | NOTE |
Version: 1.0.1
Check: dependencies in R code
Result: NOTE
Namespace in Imports field not imported from: ‘testthat’
All declared Imports should be used.
Flavors: r-devel-linux-x86_64-fedora-clang, r-devel-linux-x86_64-fedora-gcc, r-patched-solaris-x86, r-release-osx-x86_64, r-oldrel-osx-x86_64