CRAN Package Check Results for Package iptools

Last updated on 2019-07-03 01:47:25 CEST.

Flavor Version Tinstall Tcheck Ttotal Status Flags
r-devel-linux-x86_64-debian-clang 0.6.1 38.53 38.71 77.24 OK
r-devel-linux-x86_64-debian-gcc 0.6.1 32.02 30.94 62.96 OK
r-devel-linux-x86_64-fedora-clang 0.6.1 110.57 NOTE
r-devel-linux-x86_64-fedora-gcc 0.6.1 104.10 NOTE
r-devel-windows-ix86+x86_64 0.6.1 100.00 104.00 204.00 OK
r-patched-linux-x86_64 0.6.1 38.00 38.18 76.18 OK
r-release-linux-x86_64 0.6.1 37.11 38.53 75.64 OK
r-release-windows-ix86+x86_64 0.6.1 96.00 89.00 185.00 OK
r-release-osx-x86_64 0.6.1 NOTE
r-oldrel-windows-ix86+x86_64 0.6.1 94.00 76.00 170.00 OK
r-oldrel-osx-x86_64 0.6.1 NOTE

Additional issues

clang-UBSAN

Check Details

Version: 0.6.1
Check: data for non-ASCII characters
Result: NOTE
     Note: found 12 marked UTF-8 strings
Flavors: r-devel-linux-x86_64-fedora-clang, r-devel-linux-x86_64-fedora-gcc, r-release-osx-x86_64, r-oldrel-osx-x86_64