CRAN Package Check Results for Package jackstraw

Last updated on 2019-07-03 01:47:25 CEST.

Flavor Version Tinstall Tcheck Ttotal Status Flags
r-devel-linux-x86_64-debian-clang 1.3 8.80 143.56 152.36 OK
r-devel-linux-x86_64-debian-gcc 1.3 7.87 108.08 115.95 OK
r-devel-linux-x86_64-fedora-clang 1.3 198.56 OK
r-devel-linux-x86_64-fedora-gcc 1.3 187.95 OK
r-devel-windows-ix86+x86_64 1.3 20.00 209.00 229.00 OK
r-patched-linux-x86_64 1.3 8.89 137.33 146.22 OK
r-patched-solaris-x86 1.3 271.80 OK
r-release-linux-x86_64 1.3 10.21 142.33 152.54 OK
r-release-windows-ix86+x86_64 1.3 24.00 163.00 187.00 OK
r-release-osx-x86_64 1.3 ERROR
r-oldrel-windows-ix86+x86_64 1.3 13.00 170.00 183.00 OK
r-oldrel-osx-x86_64 1.3 OK

Check Details

Version: 1.3
Check: package dependencies
Result: ERROR
    Packages required but not available: 'qvalue', 'lfa'
    
    See section ‘The DESCRIPTION file’ in the ‘Writing R Extensions’
    manual.
Flavor: r-release-osx-x86_64