Last updated on 2019-07-03 01:47:26 CEST.
Flavor | Version | Tinstall | Tcheck | Ttotal | Status | Flags |
---|---|---|---|---|---|---|
r-devel-linux-x86_64-debian-clang | 0.3.2 | 3.16 | 108.00 | 111.16 | OK | --no-vignettes |
r-devel-linux-x86_64-debian-gcc | 0.3.2 | 2.46 | 85.64 | 88.10 | OK | --no-vignettes |
r-devel-linux-x86_64-fedora-clang | 0.3.2 | 2311.32 | OK | |||
r-devel-linux-x86_64-fedora-gcc | 0.3.2 | 2227.10 | OK | |||
r-devel-windows-ix86+x86_64 | 0.3.2 | 5.00 | 143.00 | 148.00 | NOTE | --no-vignettes |
r-patched-linux-x86_64 | 0.3.2 | 2.90 | 105.24 | 108.14 | OK | --no-vignettes |
r-patched-solaris-x86 | 0.3.2 | 3782.60 | WARN | |||
r-release-linux-x86_64 | 0.3.2 | 2.96 | 106.37 | 109.33 | OK | --no-vignettes |
r-release-windows-ix86+x86_64 | 0.3.2 | 6.00 | 134.00 | 140.00 | NOTE | --no-vignettes |
r-release-osx-x86_64 | 0.3.2 | FAIL | ||||
r-oldrel-windows-ix86+x86_64 | 0.3.2 | 5.00 | 110.00 | 115.00 | NOTE | --no-vignettes |
r-oldrel-osx-x86_64 | 0.3.2 | WARN |
Version: 0.3.2
Flags: --no-vignettes
Check: package dependencies
Result: NOTE
Package suggested but not available for checking: 'doMC'
Flavors: r-devel-windows-ix86+x86_64, r-release-windows-ix86+x86_64, r-oldrel-windows-ix86+x86_64
Version: 0.3.2
Check: re-building of vignette outputs
Result: WARN
Error(s) in re-building vignettes:
...
--- re-building ‘advanced.Rmd’ using rmarkdown
Warning in engine$weave(file, quiet = quiet, encoding = enc) :
Pandoc (>= 1.12.3) and/or pandoc-citeproc not available. Falling back to R Markdown v1.
Loading required package: Matrix
Loading required package: foreach
Loaded glmnet 2.0-18
--- finished re-building ‘advanced.Rmd’
--- re-building ‘fixed.Rmd’ using rmarkdown
Warning in engine$weave(file, quiet = quiet, encoding = enc) :
Pandoc (>= 1.12.3) and/or pandoc-citeproc not available. Falling back to R Markdown v1.
--- finished re-building ‘fixed.Rmd’
--- re-building ‘hiv.Rmd’ using rmarkdown
Warning in engine$weave(file, quiet = quiet, encoding = enc) :
Pandoc (>= 1.12.3) and/or pandoc-citeproc not available. Falling back to R Markdown v1.
--- finished re-building ‘hiv.Rmd’
Cpu Limit Exceeded - core dumped
--- re-building ‘knockoff.Rmd’ using rmarkdown
Warning in engine$weave(file, quiet = quiet, encoding = enc) :
Pandoc (>= 1.12.3) and/or pandoc-citeproc not available. Falling back to R Markdown v1.
Loading required package: Matrix
Loading required package: foreach
Loaded glmnet 2.0-18
SUMMARY: processing the following file failed:
‘knockoff.Rmd’
Error: Vignette re-building failed.
Execution halted
Flavor: r-patched-solaris-x86
Version: 0.3.2
Check: re-building of vignette outputs
Result: FAIL
Flavor: r-release-osx-x86_64
Version: 0.3.2
Check: re-building of vignette outputs
Result: WARN
Error in re-building vignettes:
...
Warning in engine$weave(file, quiet = quiet, encoding = enc) :
Pandoc (>= 1.12.3) and/or pandoc-citeproc not available. Falling back to R Markdown v1.
Loading required package: Matrix
Loading required package: foreach
Loaded glmnet 2.0-16
Quitting from lines 40-47 (hiv.Rmd)
Error: processing vignette 'hiv.Rmd' failed with diagnostics:
cannot open the connection to 'http://hivdb.stanford.edu/pages/published_analysis/genophenoPNAS2006/DATA/PI_DATA.txt'
In addition: Warning messages:
1: In engine$weave(file, quiet = quiet, encoding = enc) :
Pandoc (>= 1.12.3) and/or pandoc-citeproc not available. Falling back to R Markdown v1.
2: In engine$weave(file, quiet = quiet, encoding = enc) :
Pandoc (>= 1.12.3) and/or pandoc-citeproc not available. Falling back to R Markdown v1.
Execution halted
Flavor: r-oldrel-osx-x86_64