CRAN Package Check Results for Package kutils

Last updated on 2019-07-03 01:47:26 CEST.

Flavor Version Tinstall Tcheck Ttotal Status Flags
r-devel-linux-x86_64-debian-clang 1.69 8.49 65.19 73.68 OK
r-devel-linux-x86_64-debian-gcc 1.69 6.29 52.19 58.48 OK
r-devel-linux-x86_64-fedora-clang 1.69 85.83 NOTE
r-devel-linux-x86_64-fedora-gcc 1.69 84.62 NOTE
r-devel-windows-ix86+x86_64 1.69 13.00 125.00 138.00 OK
r-patched-linux-x86_64 1.69 6.58 65.59 72.17 OK
r-patched-solaris-x86 1.69 120.20 NOTE
r-release-linux-x86_64 1.69 8.26 65.80 74.06 OK
r-release-windows-ix86+x86_64 1.69 12.00 98.00 110.00 OK
r-release-osx-x86_64 1.69 NOTE
r-oldrel-windows-ix86+x86_64 1.69 9.00 83.00 92.00 OK
r-oldrel-osx-x86_64 1.69 NOTE

Check Details

Version: 1.69
Check: dependencies in R code
Result: NOTE
    Namespace in Imports field not imported from: ‘RUnit’
     All declared Imports should be used.
Flavors: r-devel-linux-x86_64-fedora-clang, r-devel-linux-x86_64-fedora-gcc, r-patched-solaris-x86, r-release-osx-x86_64, r-oldrel-osx-x86_64