CRAN Package Check Results for Package lba

Last updated on 2019-07-03 01:47:26 CEST.

Flavor Version Tinstall Tcheck Ttotal Status Flags
r-devel-linux-x86_64-debian-clang 2.4.4 11.74 65.32 77.06 NOTE
r-devel-linux-x86_64-debian-gcc 2.4.4 9.41 52.38 61.79 NOTE
r-devel-linux-x86_64-fedora-clang 2.4.4 92.14 NOTE
r-devel-linux-x86_64-fedora-gcc 2.4.4 89.42 NOTE
r-devel-windows-ix86+x86_64 2.4.4 21.00 105.00 126.00 NOTE
r-patched-linux-x86_64 2.4.4 9.69 67.22 76.91 NOTE
r-patched-solaris-x86 2.4.4 126.90 NOTE
r-release-linux-x86_64 2.4.4 9.77 66.65 76.42 NOTE
r-release-windows-ix86+x86_64 2.4.4 19.00 80.00 99.00 NOTE
r-release-osx-x86_64 2.4.4 WARN
r-oldrel-windows-ix86+x86_64 2.4.4 14.00 77.00 91.00 NOTE
r-oldrel-osx-x86_64 2.4.4 OK

Check Details

Version: 2.4.4
Check: R code for possible problems
Result: NOTE
    plotcorr.lba.3d: warning in pch3d(colcoordi[, dim], pch = pch.budget,
     col = col.budget, ...): partial argument match of 'col' to 'color'
Flavors: r-devel-linux-x86_64-debian-clang, r-devel-linux-x86_64-debian-gcc, r-devel-linux-x86_64-fedora-clang, r-devel-linux-x86_64-fedora-gcc, r-devel-windows-ix86+x86_64, r-patched-linux-x86_64, r-patched-solaris-x86, r-release-linux-x86_64, r-release-windows-ix86+x86_64, r-release-osx-x86_64, r-oldrel-windows-ix86+x86_64

Version: 2.4.4
Check: whether package can be installed
Result: WARN
    Found the following significant warnings:
     Warning: 'rgl_init' failed, running with rgl.useNULL = TRUE
Flavor: r-release-osx-x86_64