CRAN Package Check Results for Package leafR

Last updated on 2019-07-03 01:47:26 CEST.

Flavor Version Tinstall Tcheck Ttotal Status Flags
r-devel-linux-x86_64-debian-clang 0.2 1.84 40.13 41.97 OK
r-devel-linux-x86_64-debian-gcc 0.2 1.59 31.09 32.68 OK
r-devel-linux-x86_64-fedora-clang 0.2 48.55 NOTE
r-devel-linux-x86_64-fedora-gcc 0.2 49.02 NOTE
r-devel-windows-ix86+x86_64 0.2 5.00 67.00 72.00 OK
r-patched-linux-x86_64 0.2 1.96 38.14 40.10 OK
r-patched-solaris-x86 0.2 69.00 NOTE
r-release-linux-x86_64 0.2 1.87 38.15 40.02 OK
r-release-windows-ix86+x86_64 0.2 6.00 51.00 57.00 OK
r-release-osx-x86_64 0.2 NOTE
r-oldrel-windows-ix86+x86_64 0.2 3.00 47.00 50.00 OK
r-oldrel-osx-x86_64 0.2 NOTE

Check Details

Version: 0.2
Check: dependencies in R code
Result: NOTE
    Namespace in Imports field not imported from: ‘lazyeval’
     All declared Imports should be used.
Flavors: r-devel-linux-x86_64-fedora-clang, r-devel-linux-x86_64-fedora-gcc, r-patched-solaris-x86, r-release-osx-x86_64, r-oldrel-osx-x86_64