Last updated on 2019-07-03 01:47:26 CEST.
Flavor | Version | Tinstall | Tcheck | Ttotal | Status | Flags |
---|---|---|---|---|---|---|
r-devel-linux-x86_64-debian-clang | 6.3.0 | 24.14 | 106.97 | 131.11 | OK | |
r-devel-linux-x86_64-debian-gcc | 6.3.0 | 17.71 | 79.10 | 96.81 | OK | |
r-devel-linux-x86_64-fedora-clang | 6.3.0 | 161.09 | OK | |||
r-devel-linux-x86_64-fedora-gcc | 6.3.0 | 150.16 | OK | |||
r-devel-windows-ix86+x86_64 | 6.3.0 | 38.00 | 170.00 | 208.00 | OK | |
r-patched-linux-x86_64 | 6.3.0 | 21.71 | 102.84 | 124.55 | OK | |
r-patched-solaris-x86 | 6.3.0 | 200.90 | OK | |||
r-release-linux-x86_64 | 6.3.0 | 21.76 | 103.31 | 125.07 | OK | |
r-release-windows-ix86+x86_64 | 6.3.0 | 42.00 | 137.00 | 179.00 | OK | |
r-release-osx-x86_64 | 6.3.0 | FAIL | ||||
r-oldrel-windows-ix86+x86_64 | 6.3.0 | 35.00 | 115.00 | 150.00 | OK | |
r-oldrel-osx-x86_64 | 6.3.0 | OK |
Version: 6.3.0
Check: whether package can be installed
Result: FAIL
Flavor: r-release-osx-x86_64