CRAN Package Check Results for Package lilikoi

Last updated on 2019-07-03 01:47:26 CEST.

Flavor Version Tinstall Tcheck Ttotal Status Flags
r-devel-linux-x86_64-debian-clang 0.1.0 23.04 166.99 190.03 OK
r-devel-linux-x86_64-debian-gcc 0.1.0 20.43 131.52 151.95 OK
r-devel-linux-x86_64-fedora-clang 0.1.0 236.06 NOTE
r-devel-linux-x86_64-fedora-gcc 0.1.0 230.24 NOTE
r-devel-windows-ix86+x86_64 0.1.0 46.00 173.00 219.00 OK
r-patched-linux-x86_64 0.1.0 25.31 164.55 189.86 OK
r-release-linux-x86_64 0.1.0 22.90 163.49 186.39 OK
r-release-windows-ix86+x86_64 0.1.0 44.00 185.00 229.00 OK
r-release-osx-x86_64 0.1.0 NOTE
r-oldrel-windows-ix86+x86_64 0.1.0 28.00 173.00 201.00 OK
r-oldrel-osx-x86_64 0.1.0 NOTE

Check Details

Version: 0.1.0
Check: installed package size
Result: NOTE
     installed size is 5.0Mb
     sub-directories of 1Mb or more:
     data 3.8Mb
     extdata 1.1Mb
Flavors: r-devel-linux-x86_64-fedora-clang, r-release-osx-x86_64, r-oldrel-osx-x86_64

Version: 0.1.0
Check: dependencies in R code
Result: NOTE
    Namespaces in Imports field not imported from:
     ‘Matrix’ ‘devtools’ ‘e1071’ ‘glmnet’ ‘hash’ ‘pamr’ ‘randomForest’
     All declared Imports should be used.
Flavors: r-devel-linux-x86_64-fedora-clang, r-devel-linux-x86_64-fedora-gcc, r-release-osx-x86_64, r-oldrel-osx-x86_64

Version: 0.1.0
Check: data for non-ASCII characters
Result: NOTE
     Note: found 3837 marked UTF-8 strings
Flavors: r-devel-linux-x86_64-fedora-clang, r-devel-linux-x86_64-fedora-gcc, r-release-osx-x86_64, r-oldrel-osx-x86_64