Last updated on 2019-07-03 01:47:27 CEST.
Flavor | Version | Tinstall | Tcheck | Ttotal | Status | Flags |
---|---|---|---|---|---|---|
r-devel-linux-x86_64-debian-clang | 0.1.2 | 6.28 | 56.05 | 62.33 | OK | |
r-devel-linux-x86_64-debian-gcc | 0.1.2 | 6.72 | 46.04 | 52.76 | OK | |
r-devel-linux-x86_64-fedora-clang | 0.1.2 | 78.24 | NOTE | |||
r-devel-linux-x86_64-fedora-gcc | 0.1.2 | 73.50 | NOTE | |||
r-devel-windows-ix86+x86_64 | 0.1.2 | 15.00 | 96.00 | 111.00 | OK | |
r-patched-linux-x86_64 | 0.1.2 | 8.34 | 55.63 | 63.97 | OK | |
r-patched-solaris-x86 | 0.1.2 | 124.40 | NOTE | |||
r-release-linux-x86_64 | 0.1.2 | 6.58 | 57.04 | 63.62 | OK | |
r-release-windows-ix86+x86_64 | 0.1.2 | 15.00 | 77.00 | 92.00 | OK | |
r-release-osx-x86_64 | 0.1.2 | NOTE | ||||
r-oldrel-windows-ix86+x86_64 | 0.1.2 | 8.00 | 72.00 | 80.00 | OK | |
r-oldrel-osx-x86_64 | 0.1.2 | NOTE |
Version: 0.1.2
Check: dependencies in R code
Result: NOTE
Namespace in Imports field not imported from: ‘shinyjs’
All declared Imports should be used.
Flavors: r-devel-linux-x86_64-fedora-clang, r-devel-linux-x86_64-fedora-gcc, r-patched-solaris-x86, r-release-osx-x86_64, r-oldrel-osx-x86_64