CRAN Package Check Results for Package logisticPCA

Last updated on 2019-07-03 01:47:27 CEST.

Flavor Version Tinstall Tcheck Ttotal Status Flags
r-devel-linux-x86_64-debian-clang 0.2 3.00 52.49 55.49 OK
r-devel-linux-x86_64-debian-gcc 0.2 2.72 40.16 42.88 OK
r-devel-linux-x86_64-fedora-clang 0.2 69.73 NOTE
r-devel-linux-x86_64-fedora-gcc 0.2 66.11 NOTE
r-devel-windows-ix86+x86_64 0.2 9.00 99.00 108.00 OK
r-patched-linux-x86_64 0.2 3.26 52.59 55.85 OK
r-patched-solaris-x86 0.2 111.70 OK
r-release-linux-x86_64 0.2 3.27 52.85 56.12 OK
r-release-windows-ix86+x86_64 0.2 9.00 83.00 92.00 OK
r-release-osx-x86_64 0.2 OK
r-oldrel-windows-ix86+x86_64 0.2 7.00 78.00 85.00 OK
r-oldrel-osx-x86_64 0.2 OK

Check Details

Version: 0.2
Check: compiled code
Result: NOTE
    File ‘logisticPCA/libs/logisticPCA.so’:
     Found no calls to: ‘R_registerRoutines’, ‘R_useDynamicSymbols’
    
    It is good practice to register native routines and to disable symbol
    search.
    
    See ‘Writing portable packages’ in the ‘Writing R Extensions’ manual.
Flavors: r-devel-linux-x86_64-fedora-clang, r-devel-linux-x86_64-fedora-gcc