CRAN Package Check Results for Package ltbayes

Last updated on 2019-07-03 01:47:27 CEST.

Flavor Version Tinstall Tcheck Ttotal Status Flags
r-devel-linux-x86_64-debian-clang 0.4 3.30 117.04 120.34 OK
r-devel-linux-x86_64-debian-gcc 0.4 2.81 87.40 90.21 OK
r-devel-linux-x86_64-fedora-clang 0.4 139.27 NOTE
r-devel-linux-x86_64-fedora-gcc 0.4 133.23 NOTE
r-devel-windows-ix86+x86_64 0.4 15.00 203.00 218.00 OK
r-patched-linux-x86_64 0.4 3.37 113.54 116.91 OK
r-patched-solaris-x86 0.4 187.80 OK
r-release-linux-x86_64 0.4 3.54 114.93 118.47 OK
r-release-windows-ix86+x86_64 0.4 15.00 157.00 172.00 OK
r-release-osx-x86_64 0.4 OK
r-oldrel-windows-ix86+x86_64 0.4 12.00 146.00 158.00 OK
r-oldrel-osx-x86_64 0.4 OK

Check Details

Version: 0.4
Check: compiled code
Result: NOTE
    File ‘ltbayes/libs/ltbayes.so’:
     Found no calls to: ‘R_registerRoutines’, ‘R_useDynamicSymbols’
    
    It is good practice to register native routines and to disable symbol
    search.
    
    See ‘Writing portable packages’ in the ‘Writing R Extensions’ manual.
Flavors: r-devel-linux-x86_64-fedora-clang, r-devel-linux-x86_64-fedora-gcc