Last updated on 2019-07-03 01:47:27 CEST.
Flavor | Version | Tinstall | Tcheck | Ttotal | Status | Flags |
---|---|---|---|---|---|---|
r-devel-linux-x86_64-debian-clang | 0.2.1 | 1.74 | 23.18 | 24.92 | OK | |
r-devel-linux-x86_64-debian-gcc | 0.2.1 | 1.41 | 18.42 | 19.83 | OK | |
r-devel-linux-x86_64-fedora-clang | 0.2.1 | 29.85 | NOTE | |||
r-devel-linux-x86_64-fedora-gcc | 0.2.1 | 28.80 | NOTE | |||
r-devel-windows-ix86+x86_64 | 0.2.1 | 4.00 | 52.00 | 56.00 | OK | |
r-patched-linux-x86_64 | 0.2.1 | 1.80 | 22.59 | 24.39 | OK | |
r-patched-solaris-x86 | 0.2.1 | 46.10 | NOTE | |||
r-release-linux-x86_64 | 0.2.1 | 1.84 | 22.91 | 24.75 | OK | |
r-release-windows-ix86+x86_64 | 0.2.1 | 4.00 | 55.00 | 59.00 | OK | |
r-release-osx-x86_64 | 0.2.1 | NOTE | ||||
r-oldrel-windows-ix86+x86_64 | 0.2.1 | 2.00 | 35.00 | 37.00 | OK | |
r-oldrel-osx-x86_64 | 0.2.1 | NOTE |
Version: 0.2.1
Check: dependencies in R code
Result: NOTE
Namespaces in Imports field not imported from:
‘ncdf4’ ‘raster’
All declared Imports should be used.
Flavors: r-devel-linux-x86_64-fedora-clang, r-devel-linux-x86_64-fedora-gcc, r-patched-solaris-x86, r-release-osx-x86_64, r-oldrel-osx-x86_64