Last updated on 2019-07-03 01:47:27 CEST.
Flavor | Version | Tinstall | Tcheck | Ttotal | Status | Flags |
---|---|---|---|---|---|---|
r-devel-linux-x86_64-debian-clang | 0.1-7 | 78.61 | 46.92 | 125.53 | OK | |
r-devel-linux-x86_64-debian-gcc | 0.1-7 | 54.14 | 38.24 | 92.38 | OK | |
r-devel-linux-x86_64-fedora-clang | 0.1-7 | 179.04 | OK | |||
r-devel-linux-x86_64-fedora-gcc | 0.1-7 | 157.34 | OK | |||
r-devel-windows-ix86+x86_64 | 0.1-7 | 290.00 | 151.00 | 441.00 | NOTE | |
r-patched-linux-x86_64 | 0.1-7 | 68.32 | 47.00 | 115.32 | OK | |
r-patched-solaris-x86 | 0.1-7 | 187.50 | OK | |||
r-release-linux-x86_64 | 0.1-7 | 67.03 | 47.31 | 114.34 | OK | |
r-release-windows-ix86+x86_64 | 0.1-7 | 288.00 | 127.00 | 415.00 | NOTE | |
r-release-osx-x86_64 | 0.1-7 | NOTE | ||||
r-oldrel-windows-ix86+x86_64 | 0.1-7 | 264.00 | 113.00 | 377.00 | NOTE | |
r-oldrel-osx-x86_64 | 0.1-7 | NOTE |
Version: 0.1-7
Check: installed package size
Result: NOTE
installed size is 10.4Mb
sub-directories of 1Mb or more:
libs 5.3Mb
proj 5.0Mb
Flavors: r-devel-windows-ix86+x86_64, r-release-windows-ix86+x86_64, r-release-osx-x86_64, r-oldrel-windows-ix86+x86_64, r-oldrel-osx-x86_64