Last updated on 2019-07-03 01:47:27 CEST.
Flavor | Version | Tinstall | Tcheck | Ttotal | Status | Flags |
---|---|---|---|---|---|---|
r-devel-linux-x86_64-debian-clang | 0.0.3 | 5.23 | 54.59 | 59.82 | OK | |
r-devel-linux-x86_64-debian-gcc | 0.0.3 | 4.82 | 42.19 | 47.01 | OK | |
r-devel-linux-x86_64-fedora-clang | 0.0.3 | 69.67 | NOTE | |||
r-devel-linux-x86_64-fedora-gcc | 0.0.3 | 67.02 | NOTE | |||
r-devel-windows-ix86+x86_64 | 0.0.3 | 13.00 | 105.00 | 118.00 | OK | |
r-patched-linux-x86_64 | 0.0.3 | 5.65 | 52.02 | 57.67 | OK | |
r-patched-solaris-x86 | 0.0.3 | 104.30 | NOTE | |||
r-release-linux-x86_64 | 0.0.3 | 4.03 | 52.86 | 56.89 | OK | |
r-release-windows-ix86+x86_64 | 0.0.3 | 15.00 | 77.00 | 92.00 | OK | |
r-release-osx-x86_64 | 0.0.3 | NOTE | ||||
r-oldrel-windows-ix86+x86_64 | 0.0.3 | 7.00 | 73.00 | 80.00 | OK | |
r-oldrel-osx-x86_64 | 0.0.3 | NOTE |
Version: 0.0.3
Check: dependencies in R code
Result: NOTE
Namespaces in Imports field not imported from:
‘Rcpp’ ‘cmprsk’ ‘colorspace’ ‘etm’ ‘fracdiff’ ‘gtable’ ‘munsell’
‘numDeriv’ ‘plyr’ ‘quadprog’ ‘scales’ ‘timeDate’ ‘tseries’ ‘zoo’
All declared Imports should be used.
Flavors: r-devel-linux-x86_64-fedora-clang, r-devel-linux-x86_64-fedora-gcc, r-patched-solaris-x86, r-release-osx-x86_64, r-oldrel-osx-x86_64